False
Does 45 divide 8974260?
True
Is 108270 a multiple of 27?
True
Does 17 divide 6716581?
True
Is 486 a factor of 1435148?
False
Is 2941 a multiple of 173?
True
Is 69498 a multiple of 18?
True
Is 172537 a multiple of 29?
False
Does 1439 divide 9212187?
False
Is 7 a factor of 2789801?
True
Is 163 a factor of 561840?
False
Is 188 a factor of 290084?
True
Does 4 divide 4860?
True
Is 475 a factor of 7472906?
False
Does 39 divide 193915?
False
Does 28 divide 591119?
False
Is 5830140 a multiple of 24?
False
Does 119 divide 397174?
False
Is 2029878 a multiple of 103?
False
Is 104727 a multiple of 92?
False
Does 17 divide 19574412?
True
Is 208 a factor of 4845360?
True
Does 3 divide 59056?
False
Is 18726815 a multiple of 1196?
False
Is 586332 a multiple of 18?
True
Is 1375850 a multiple of 70?
True
Does 49 divide 76391?
True
Is 1329266 a multiple of 9?
False
Does 244 divide 79938?
False
Is 706 a factor of 427130?
True
Does 181 divide 190774?
True
Is 167 a factor of 84095?
False
Is 19 a factor of 694887?
True
Is 11 a factor of 285633?
False
Does 49 divide 45962?
True
Is 12 a factor of 370741?
False
Is 91 a factor of 1439529?
True
Is 19 a factor of 72998?
True
Is 17932 a multiple of 2?
True
Does 803 divide 1287209?
True
Is 195733 a multiple of 13?
False
Is 5856 a multiple of 6?
True
Is 334367 a multiple of 269?
True
Does 191 divide 814366?
False
Does 651 divide 682390?
False
Is 11 a factor of 37824267?
False
Does 129 divide 380292?
True
Is 3433505 a multiple of 515?
True
Does 60 divide 832020?
True
Is 113 a factor of 6016800?
False
Is 161015 a multiple of 4?
False
Is 34 a factor of 130322?
True
Does 8 divide 1159120?
True
Does 15 divide 1018980?
True
Does 706 divide 7480776?
True
Is 25 a factor of 254826?
False
Is 639975 a multiple of 7?
True
Is 6 a factor of 1875904?
False
Is 1380496 a multiple of 8?
True
Is 2838 a multiple of 11?
True
Is 572444 a multiple of 7?
False
Is 68 a factor of 402428?
False
Is 163065 a multiple of 73?
False
Is 46 a factor of 19182?
True
Is 401567 a multiple of 143?
False
Is 29 a factor of 2402244?
True
Is 10 a factor of 35300?
True
Is 10 a factor of 1516425?
False
Is 456 a factor of 65208?
True
Is 487748 a multiple of 22?
False
Does 149 divide 967645?
False
Is 91 a factor of 4417959?
True
Is 905784 a multiple of 264?
True
Is 4 a factor of 10279830?
False
Does 479 divide 2769511?
False
Does 150 divide 235830?
False
Does 60 divide 126660?
True
Is 527 a factor of 362576?
True
Does 96 divide 619968?
True
Does 11 divide 2965443?
False
Does 185 divide 157435?
True
Is 217080 a multiple of 405?
True
Does 3 divide 63486?
True
Does 3 divide 1610826?
True
Does 282 divide 22822550?
False
Is 8013940 a multiple of 55?
True
Is 133742 a multiple of 134?
False
Is 963456 a multiple of 104?
True
Does 15 divide 2143017?
False
Is 3416296 a multiple of 214?
True
Is 57224 a multiple of 42?
False
Does 378 divide 13488811?
False
Is 101 a factor of 128472?
True
Is 2731630 a multiple of 179?
False
Is 427 a factor of 17351378?
False
Is 19525 a multiple of 25?
True
Is 20 a factor of 1689160?
True
Does 52 divide 82524?
True
Is 112 a factor of 252966?
False
Is 41 a factor of 260017?
False
Is 96 a factor of 204488?
False
Is 1282 a factor of 4715598?
False
Is 253 a factor of 152470?
False
Does 498 divide 6505374?
True
Does 5 divide 68946?
False
Is 2119929 a multiple of 7?
True
Is 2266174 a multiple of 106?
True
Is 93 a factor of 62177?
False
Does 112 divide 8079232?
True
Does 580 divide 1887320?
True
Does 9 divide 11571629?
False
Is 10559 a multiple of 2?
False
Is 149637 a multiple of 93?
True
Is 41 a factor of 1491744?
True
Does 22 divide 123114?
False
Does 69 divide 799781?
False
Is 10634950 a multiple of 227?
True
Is 582595 a multiple of 70?
False
Is 73 a factor of 214620?
True
Is 66 a factor of 74844?
True
Is 1734 a factor of 5545332?
True
Is 21 a factor of 321069?
True
Is 36 a factor of 66287?
False
Is 8 a factor of 59460?
False
Is 164 a factor of 640092?
True
Is 12318 a multiple of 6?
True
Is 55 a factor of 307450?
True
Is 5784740 a multiple of 449?
False
Is 69 a factor of 178865?
False
Is 97 a factor of 152096?
True
Is 5 a factor of 24897?
False
Does 146 divide 2888984?
False
Is 9216675 a multiple of 25?
True
Does 7 divide 141910?
False
Is 55062 a multiple of 19?
True
Does 115 divide 477501?
False
Does 39 divide 1723795?
False
Is 17 a factor of 5804047?
False
Does 12 divide 137508?
True
Is 2525272 a multiple of 328?
True
Does 173 divide 1281065?
True
Is 164700 a multiple of 26?
False
Does 274 divide 1861008?
True
Is 960018 even?
True
Is 4701415 a multiple of 1331?
False
Does 415 divide 3110542?
False
Does 600 divide 294303?
False
Does 10 divide 20017?
False
Does 349 divide 177641?
True
Does 222 divide 10118664?
False
Is 974829 a multiple of 33?
False
Does 22 divide 17655?
False
Does 6 divide 211917?
False
Is 1713954 a multiple of 580?
False
Does 339 divide 286714?
False
Is 261734 a multiple of 41?
False
Does 3 divide 192588?
True
Is 831 a factor of 7255498?
False
Is 112 a factor of 10259910?
False
Is 171348 a multiple of 654?
True
Is 31104 a multiple of 22?
False
Does 3 divide 335785?
False
Is 524730 a multiple of 192?
False
Is 158958 a multiple of 18?
True
Does 79 divide 7349861?
False
Is 1193148 a multiple of 11?
True
Does 366 divide 264348?
False
Is 252 a factor of 17018316?
True
Is 368 a factor of 3388544?
True
Is 90 a factor of 189180?
True
Does 1030 divide 3333080?
True
Does 9 divide 4173471?
True
Is 1739122 a multiple of 10?
False
Is 72814 a multiple of 52?
False
Is 52 a factor of 101452?
True
Is 153 a factor of 143342?
False
Is 21601 even?
False
Does 215 divide 4965425?
True
Does 27 divide 390084?
False
Is 53 a factor of 2067075?
False
Is 73311 a multiple of 49?
False
Does 18 divide 484829?
False
Is 533168 a multiple of 278?
False
Is 40 a factor of 302400?
True
Is 21 a factor of 19363932?
True
Does 16 divide 4071880?
False
Is 43170 a multiple of 105?
False
Does 34 divide 5820902?
True
Is 101 a factor of 256035?
True
Does 122 divide 113315?
False
Is 23 a factor of 5220664?
False
Is 29 a factor of 5710854?
True
Does 64 divide 948898?
False
Does 177 divide 1840575?
False
Does 248 divide 17659832?
True
Is 1048367 a multiple of 51?
False
Is 3727554 a multiple of 31?
False
Is 17 a factor of 1775106?
True
Is 193 a factor of 114063?
True
Is 25273 even?
False
Does 1334 divide 4423544?
True
Does 20 divide 14635?
False
Does 454 divide 2045075?
False
Does 155 divide 321411?
False
Is 159 a factor of 161703?
True
Is 3 a factor of 36949?
False
Is 50 a factor of 194250?
True
Does 189 divide 2236059?
True
Is 11 a factor of 3089064?
True
Is 598645 a multiple of 222?
False
Does 56 divide 1708112?
True
Is 340945 a multiple of 3?
False
Is 163 a factor of 108042?
False
Does 43 divide 74256?
False
Does 15 divide 42405?
True
Is 13376716 a multiple of 12?
False
Does 45 divide 460035?
True
Is 345 a factor of 5120145?
True
Is 730 a factor of 17079810?
True
Is 20 a factor of 841616?
False
Is 330 a factor of 197340?
True
Is 268020 a multiple of 167?
False
Does 31 divide 354857?
True
Is 3673098 a multiple of 39?
True
Is 2701176 a multiple of 1473?
False
Does 103 divide 488246?
False
Is 9 a factor of 1834812?
True
Is 13 a factor of 280306?
True
Is 127908 a multiple of 153?
True
Does 19 divide 429001?
True
Is 650 a factor of 654431?
False
Is 23280 a multiple of 30?
True
Does 3 divide 100540?
False
Is 17 a factor of 15316694?
True
Is 214 a factor of 2532698?
False
Is 4 a factor of 298996?
True
Is 15 a factor of 8044086?
False
Does 119 divide 6279273?
True
Does 175 divide 770397?
False
Does 22 divide 1262756?
True
Does 436 divide 238408?
False
Is 102700 a multiple of 20?
True
Is 84 a factor of 949452?
True
Does 16 divide 2198120?
False
Is 40 a factor of 504200?
True
Is 82450 a multiple of 425?
True
Does 9 divide 271908?
True
Is 3224780 a multiple of 158?
True
Is 353564 a multiple of 236?
False
Does 13 divide 219893?
False
Is 253446 a multiple of 53?
True
Is 163 a factor of 174795?
False
Is 742997 a multiple of 37?
True
Is 9 a factor of 1653637?
False
Is 246 a factor of 417216?
True
Is 52 a factor of 340340?
True
Does 388 divide 1031048?
False
Does 548 divide 3894636?
True
Is 165 a factor of 315582?
False
Is 740154 a multiple of 281?
True
Does 4 divide 215845?
False
Is 10